0. What is the units digit of t/10 + (-3)/(-5)?
8
Let q(g) = g**3 - 8*g**2 - 9*g + 11. Let d be q(11). Let p = d + -115. What is the hundreds digit of p?
1
Let l(x) be the third derivative of x**5/30 + 11*x**4/24 - 7*x**3/6 - 3*x**2. Let d be l(-8). Let v = -22 + d. What is the units digit of v?
1
Let w(k) be the third derivative of k**4/24 + 2*k**3 - 9*k**2. What is the tens digit of w(8)?
2
Let s = -3 + 3. Suppose s = 4*i - i. Let z = 4 - i. What is the units digit of z?
4
Let k(u) = u**3 + u**2 - 6*u + 3. Let b be k(2). Suppose -b*v + 6*v + 4*i - 30 = 0, 4*v - 5*i - 40 = 0. What is the tens digit of v?
1
Suppose 0 = 5*l, 30*l = 2*c + 31*l - 9082. What is the hundreds digit of c?
5
Suppose -3475 - 1781 = -9*l. What is the units digit of l?
4
Let b = 33 - 29. Suppose -5*r - 5*z + 54 + 236 = 0, b*z + 264 = 4*r. What is the units digit of r?
2
Let q(g) be the second derivative of g**4/6 + 2*g**3/3 + 14*g**2 + 20*g. What is the tens digit of q(9)?
2
Let l(c) = -c**3 + 14*c**2 - 13*c + 3. Let p(v) = v**3 - 15*v**2 + 14*v - 4. Let y(j) = -5*l(j) - 4*p(j). What is the units digit of y(9)?
1
Let t(l) = 4*l - 10. Let w be t(3). Suppose -3*x - x - 136 = -w*m, -4*m + 239 = 3*x. What is the tens digit of m?
6
Suppose -2*l + 8 = -28. Let q be (l/12)/((-6)/(-8)). Suppose p - 3*t = -2*t + q, 4*p = -5*t + 44. What is the units digit of p?
6
Suppose 14*j + 3258 = 23*j. What is the units digit of j?
2
Suppose 3 - 35 = 2*i. What is the units digit of (i/24)/(1/(-6))?
4
Suppose -3*w = -b + 593, -5*b - 2997 = -10*b - w. What is the hundreds digit of b?
5
Suppose 7*k + 4*m = 4*k + 31, 4*k + 5*m = 40. Suppose k*v - 425 = 225. What is the units digit of v?
0
What is the hundreds digit of 7450/60 + (-2)/12 - -2?
1
Let y = 404 - 313. What is the tens digit of y?
9
Suppose 0 = -4*q, -3*k - 3*q + 4*q = -18. Suppose 254 = k*z - 382. What is the units digit of z?
6
Let s = 2 - -10. Let z be (-1)/2 - (-30)/s. Suppose -w + 3*a - 1 = -5, 3*w - 33 = z*a. What is the units digit of w?
3
Let z(l) = 7*l - 13. Let v(c) = -14*c + 26. Let f(t) = 6*v(t) + 11*z(t). Let h(u) = -8*u + 14. Let s(i) = 4*f(i) - 3*h(i). What is the tens digit of s(-12)?
5
Suppose -5*q + 3*q = -12. Let k be q*3*(-60)/(-10). Suppose -3*h + 3*p + k = -0*p, -116 = -3*h - 5*p. What is the tens digit of h?
3
Suppose -m - 5*t + 2 = 3, -2*t = m - 5. Suppose m*z - 13*z + 104 = 0. What is the tens digit of z?
2
Suppose -55*v = -39*v - 43824. What is the units digit of v?
9
Let b = 676 + -389. Let i = 424 - b. What is the units digit of i?
7
Let m = 25 - 18. Let a(t) = t**2 - 6*t - 9. Let b be a(m). Let z(i) = -5*i - 3. What is the units digit of z(b)?
7
Suppose -2*p - 10 = -6*n + n, 0 = 4*n + 4*p - 8. Suppose 2*h - i = -h + 12, -3*h + n*i + 9 = 0. What is the units digit of h?
5
Suppose -q - 14*q + 11520 = 0. What is the units digit of q?
8
Let v(i) = -i**3 + i**2 + 5*i - 2. Let l be v(3). Let j(q) = -2*q**2 - 11*q. Let t be j(l). What is the tens digit of 13 + (4 - (t + -4))?
1
Let s(a) = 5*a**2 + 10*a + 12. Suppose 0*u - 34 = 3*u - 4*n, -4*u + n = 28. What is the hundreds digit of s(u)?
1
Let z be (96/14)/((-2)/(-28)). Let y = -11 + z. What is the tens digit of y?
8
Suppose 0 = -4*v + 16, a - 3*v - 2 + 12 = 0. Let w(y) = 3*y**2 + 2*y + 1. Let c be w(-2). Let k = c - a. What is the units digit of k?
7
Let z(k) = 4*k**2 + 15*k - 32. What is the units digit of z(10)?
8
Let v(c) = 2*c + 254. Let t be v(0). Let k = t + -85. What is the hundreds digit of k?
1
Let k = -224 - -804. Suppose 0 = v - 4*h - 141, 5*v + 13*h - k = 8*h. What is the hundreds digit of v?
1
What is the units digit of 740/(-6)*(-1239)/118?
5
Let x = 3 - 3. Suppose -f + 5 + x = 0. Suppose -k - 2*k + 30 = f*n, -5*k - 52 = -3*n. What is the units digit of n?
9
Let s(o) = 27*o**2 + 4*o + 5. What is the tens digit of s(-1)?
2
Let o(m) = -236*m**3 + m**2 - 1. Let v be o(-1). Suppose 2*j + 4*w - v = -j, -w = -5*j + 424. What is the units digit of j?
4
Let q = -285 + 523. What is the tens digit of q?
3
Let z = -86 + 90. Suppose -h = 3*d - 5*h - 21, -z*d + 59 = 5*h. What is the units digit of d?
1
Let w(o) = 21*o**2 + 28*o - 79. What is the hundreds digit of w(3)?
1
Let k = -300 + 125. What is the hundreds digit of 50/k + 2314/14?
1
Suppose -708 = 2*g - 3*g - 2*s, 2*g - 2*s - 1398 = 0. What is the hundreds digit of g?
7
Let p(t) = -t + 5. Let l be p(14). Let n be (-8)/36 + (-227)/l. Suppose -5*i = 2*a + n - 71, 4 = -i. What is the units digit of a?
3
Suppose 4*w - 6 - 2 = 0. Let u be -4 + (-92)/(-4)*w. Let d = -33 + u. What is the units digit of d?
9
Let j(m) = -5*m**2 - m - 45. Let k(f) = 14*f**2 + 2*f + 136. Let g(d) = 17*j(d) + 6*k(d). What is the units digit of g(0)?
1
What is the units digit of ((-28)/(-6))/((-12)/(-666))?
9
Let b(h) = -h**3 + 9*h**2 - 7*h + 15. Let z be b(7). Suppose -9*u + 13*u - z = 0. What is the tens digit of u?
1
Suppose 804 = 5*a - 2*a. Let z = a - 138. What is the units digit of z?
0
Suppose 5*j - 85 = j + b, -4*j = -2*b - 90. Suppose j = 5*f - 220. Suppose -2*a + 71 = 4*v - 71, 3*a = -v + f. What is the units digit of v?
3
Suppose -6*n = -3*r - 5*n + 26, 0 = -5*r - 4*n + 49. What is the units digit of r?
9
Let k = -9 - -9. Suppose -36 = -p - m, 6*p - 2*p - m - 144 = k. What is the tens digit of p?
3
Suppose -2*v - 3*v = -1035. Let n = v + -79. What is the hundreds digit of n?
1
Suppose 5*a + 4*h + 1542 = 8*a, a - 4*h - 514 = 0. What is the tens digit of a?
1
Let v(p) = p**2 + 3*p - 1. Let g be v(-4). Suppose 5*k - 4*a = -g*a + 172, -3*k = -a - 102. Let q = k + -22. What is the tens digit of q?
1
Suppose -4*p - 14 = b, 3*p + 5*b = -3 - 16. What is the units digit of ((-5)/(p + 2) - 0) + -1?
4
Suppose -3*w = 3*y - 2*y - 29, 2*y + 23 = 3*w. Suppose -477 = -w*q + 6*q. What is the units digit of q?
9
Let d(m) = m**2 - 12*m - 16. Let n(o) = o**2 - 8*o - 11. Let u(c) = -5*d(c) + 8*n(c). What is the units digit of u(-6)?
4
Let x = -2982 - -4327. What is the units digit of x?
5
Let k(y) = y - 14. Let a be k(13). Let s be (15/45)/(a/(-18)). Let o = s - 3. What is the units digit of o?
3
Let o = -2787 + 8840. What is the units digit of o?
3
Let z = 166 - -350. What is the hundreds digit of z?
5
Let m = 1542 - 788. What is the units digit of m?
4
What is the tens digit of 1233/4 + (-12)/144*3?
0
Let t be 2 - 26*(-26)/4. Suppose 0 = 8*g - t - 141. What is the tens digit of g?
3
Suppose 2*y - 773 = -2*y - l, 2*l - 10 = 0. What is the hundreds digit of y?
1
Let a(t) = -t**2 - 12*t - 1. Let q be a(-13). Let d = q + 19. Suppose d*k - 2 = 33. What is the units digit of k?
7
Let l = -534 + 821. What is the hundreds digit of l?
2
Let x be (-2)/4 - (-655)/(-10). Let z = 103 + x. What is the tens digit of z?
3
Suppose -6*y = y - 63. Let g = 128 + y. What is the tens digit of g?
3
Let m(a) = a**3 + 17*a**2 + 16*a + 4. Let y be m(-16). Suppose -y*l = l - 175. What is the tens digit of l?
3
Suppose -5*y + 6*v = 3*v - 12702, y + 4*v - 2545 = 0. What is the tens digit of y?
4
Suppose -2402 = -14*c + 5130. What is the units digit of c?
8
Let n(a) = 74*a - 184. What is the units digit of n(5)?
6
Let d = -660 + 5230. What is the tens digit of d?
7
Let f = -19 - -19. Suppose f = y - 26 - 48. What is the tens digit of y?
7
Let t(z) = -7*z - 9. Let u(v) = v**2 - 7*v + 3. Let y be u(6). What is the tens digit of t(y)?
1
Suppose n + 5 = 0, 5*w - w - 413 = -3*n. Let i = 247 - w. What is the units digit of i?
0
Let z be 7/5 + (-3)/(-5). Suppose -z*m = m - 81. Let c = -7 + m. What is the units digit of c?
0
Suppose -2*k + 5*h + 15 = 0, -3*k - 5*h - 15 = -0*k. Let p = k - -32. What is the tens digit of p?
3
Suppose 0 = -3*g + 1098 + 234. Let k be g/20*(6 + -1). Suppose -5*s + k = -2*s. What is the tens digit of s?
3
Let l(k) = -k**3 + 5*k**2 - 6*k + 8. Let m be l(4). Suppose -9*g - 8 + 53 = m. What is the units digit of g?
5
Let i(a) = a**3 + 4*a**2 + 2*a. Suppose -6 = -n + 3*n. Let l be i(n). Suppose l*s = -2*s + 80. What is the tens digit of s?
1
Let n = 524 + -816. Let a = -137 - n. What is the units digit of a?
5
Suppose -u - 5*p + 2 = 0, 0*u - 3*p = -4*u + 8. Suppose -3*z = 5*y - 22 - 48, 4*z - u*y - 76 = 0. What is the tens digit of z?
2
Suppose 5*c - 5135 = -5*w, -w = 1 + 2. Suppose 0 = -12*o - 22 + c. What is the tens digit of o?
8
What is the tens dig